66 and 1474.
22
Calculate the highest common factor of 364 and 256361560.
364
Calculate the highest common factor of 8228504 and 1776.
296
Calculate the greatest common factor of 7046 and 414359.
271
What is the greatest common divisor of 5270 and 5923?
1
Calculate the highest common factor of 228889 and 41955886.
5323
Calculate the highest common divisor of 36470 and 1071350.
70
Calculate the greatest common factor of 275044 and 2177.
7
What is the greatest common factor of 55 and 949795?
55
What is the greatest common divisor of 5535 and 135312915?
615
What is the highest common factor of 1024501 and 48231?
233
What is the greatest common divisor of 4832 and 14521217?
151
What is the highest common factor of 469 and 15367388?
67
Calculate the greatest common factor of 209 and 1759913.
19
What is the greatest common divisor of 87327 and 27231?
939
Calculate the highest common divisor of 30492 and 626598.
126
Calculate the greatest common factor of 278712 and 1270080.
3528
What is the highest common factor of 66091 and 4252879?
1537
What is the highest common factor of 69183 and 207?
9
What is the highest common factor of 7227 and 30175937?
803
Calculate the greatest common factor of 1517508 and 2484.
108
Calculate the greatest common factor of 421120 and 2914.
94
What is the greatest common divisor of 622 and 7361681?
311
What is the greatest common factor of 1578522 and 2046?
66
Calculate the highest common factor of 7654 and 590218.
86
What is the greatest common divisor of 2122125 and 6000?
375
What is the greatest common divisor of 2842 and 229369?
49
What is the highest common divisor of 30300540 and 1545?
1545
Calculate the highest common divisor of 2600962 and 28.
14
What is the greatest common factor of 51493 and 56661?
17
Calculate the highest common divisor of 173653 and 112751.
823
What is the highest common factor of 1246 and 36835142?
178
What is the highest common divisor of 2958319 and 25935?
1729
Calculate the greatest common divisor of 4 and 119078426.
2
What is the highest common divisor of 81 and 2191911273?
81
What is the highest common divisor of 36 and 46247391?
9
Calculate the highest common factor of 72511 and 1340839.
1229
Calculate the greatest common divisor of 7229440 and 480.
160
Calculate the greatest common divisor of 2120245 and 775.
155
What is the greatest common factor of 135126269 and 235?
47
What is the highest common divisor of 187 and 1227757?
17
Calculate the greatest common factor of 2352728 and 1248.
8
What is the greatest common divisor of 825460 and 54292?
1108
Calculate the greatest common factor of 2940 and 88774035.
735
What is the highest common factor of 52531 and 1562437?
131
What is the highest common factor of 76789174 and 6622?
154
Calculate the greatest common factor of 1130 and 7077190.
1130
Calculate the greatest common divisor of 3424 and 36616.
8
What is the greatest common divisor of 41459255 and 657?
73
Calculate the highest common factor of 4499 and 21332213.
409
Calculate the greatest common factor of 116092684 and 580.
116
What is the greatest common divisor of 1892 and 11736936?
172
What is the greatest common divisor of 195 and 94327695?
15
What is the greatest common factor of 40352 and 689?
13
Calculate the highest common divisor of 13255 and 39770302.
2651
What is the greatest common divisor of 1338008 and 1512?
56
Calculate the greatest common divisor of 126 and 38566122.
42
Calculate the highest common divisor of 103004850 and 100.
50
What is the greatest common factor of 4 and 416239?
1
What is the highest common factor of 36750 and 348250?
1750
What is the greatest common divisor of 17975298 and 66?
66
Calculate the greatest common factor of 29952 and 2880072.
936
What is the greatest common factor of 1916657523 and 11187?
11187
What is the greatest common divisor of 41571028 and 138?
46
What is the greatest common factor of 2748 and 6184832?
916
What is the highest common divisor of 33 and 302991909?
33
Calculate the highest common factor of 9436672 and 64.
64
Calculate the highest common divisor of 1234 and 1349232771.
617
What is the highest common divisor of 18503816 and 5319?
197
Calculate the highest common factor of 39239960 and 4.
4
What is the greatest common factor of 18605674 and 11630?
2326
Calculate the highest common divisor of 30208725 and 74550.
5325
What is the highest common divisor of 13514 and 6378840?
58
What is the greatest common factor of 61617 and 214567?
437
Calculate the highest common divisor of 135960336 and 180.
36
What is the highest common divisor of 10465855 and 5?
5
What is the highest common divisor of 453252 and 115431?
1059
What is the greatest common divisor of 657756 and 1041084?
4356
Calculate the greatest common divisor of 60 and 113023220.
20
Calculate the greatest common factor of 696182 and 3250826.
1186
What is the highest common divisor of 50 and 94174225?
25
Calculate the highest common divisor of 94047939 and 27.
27
Calculate the greatest common factor of 69450 and 850.
50
What is the highest common divisor of 21569715 and 270?
45
What is the highest common divisor of 2500 and 273380?
20
What is the greatest common divisor of 629363680 and 44?
44
Calculate the greatest common factor of 2507 and 200424622.
2507
Calculate the highest common divisor of 8077819 and 13136.
821
Calculate the highest common divisor of 3665674 and 4.
2
Calculate the greatest common factor of 96 and 232861408.
32
What is the highest common factor of 8006926 and 302?
302
What is the highest common factor of 483 and 189841540?
161
What is the greatest common divisor of 75 and 6888750?
75
What is the greatest common factor of 2592 and 10319832?
216
What is the highest common divisor of 94522 and 275642?
566
What is the highest common factor of 417591 and 63?
9
What is the greatest common divisor of 68069222 and 78?
26
Calculate the highest common divisor of 104975469 and 2043.
2043
Calculate the greatest common divisor of 1800964 and 25652.
484
Calculate the highest common factor of 1464 and 191648946.
366
Calculate the highest common divisor of 724635 and 1125.
45
What is the greatest common factor of 120 and 2415?
15
What is the highest common factor of 1939742 and 21041?
397
What is the greatest common divisor of 57 and 7253619?
3
What is the greatest common divisor of 560 and 10971940?
140
Calculate the greatest common divisor of 834 and 2346598.
278
Calculate the highest common factor of 194850608 and 72.
8
What is the greatest common divisor of 4532 and 158929?
103
Calculate the highest common divisor of 4606185 and 530.
5
What is the greatest common factor of 3136 and 119392?
224
What is the greatest common divisor of 274428861 and 98?
49
Calculate the greatest common factor of 43624960 and 2560.
2560
What is the greatest common divisor of 2403515 and 12105?
1345
What is the highest common factor of 2045862894 and 786?
786
Calculate the greatest common factor of 96 and 8922300.
12
Calculate the highest common divisor of 59577 and 5103.
21
Calculate the highest common factor of 741036 and 97458.
222
Calculate the greatest common divisor of 8519525 and 378.
7
Calculate the highest common factor of 334 and 128950.
2
Calculate the highest common divisor of 2152524 and 1188.
132
Calculate the highest common factor of 14840956 and 377.
13
What is the greatest common factor of 305350 and 31000?
1550
Calculate the greatest common factor of 16701336 and 1852.
1852
What is the greatest common divisor of 1285802 and 1833693?
3167
What is the greatest common divisor of 11 and 15620979?
11
Calculate the highest common divisor of 226628 and 1325.
53
What is the greatest common factor of 62079279 and 1135?
227
What is the greatest common factor of 114331923 and 7443?
7443
Calculate the highest common factor of 200 and 21392600.
200
Calculate the highest common divisor of 9726328 and 171.
19
What is the highest common factor of 11830 and 3745?
35
What is the greatest common factor of 376 and 10113272?
376
Calculate the greatest common factor of 279230 and 154.
14
What is the highest common divisor of 853 and 11789?
1
Calculate the greatest common factor of 277878081 and 507.
507
What is the highest common divisor of 6192 and 1065411?
387
Calculate the great